{"id":10,"date":"2013-01-26T19:49:15","date_gmt":"2013-01-26T18:49:15","guid":{"rendered":"http:\/\/sbt-thorgal.pl\/?page_id=10"},"modified":"2020-07-31T02:48:01","modified_gmt":"2020-07-31T00:48:01","slug":"o-nas","status":"publish","type":"page","link":"https:\/\/sbt-thorgal.pl\/","title":{"rendered":"O nas"},"content":{"rendered":"<p><b>Witam serdecznie na stronie hodowli Thorgal FCI\u00a0<\/b><\/p>\n<p><b>Fascynacja ras\u0105 Staffordshire Bull Terrier rozpocz\u0119\u0142a si\u0119 w 2006 roku, kiedy zobaczy\u0142am te pi\u0119kne psy w hodowli Human Dogs FCI \u00a0p. Miros\u0142awa Janasza. Mia\u0142am szcz\u0119\u015bcie widzie\u0107 pierwsze potomstwo eleganckiej LA OLI Daffodill Yellow i pozna\u0107 wspania\u0142ych hodowc\u00f3w Mirka i Laur\u0119, ca\u0142ym sercem oddanych swoim pupilom. Okazali mi wiele zaufania i tak oto w lipcu 2007 roku w moim domu zawita\u0142a upragniona i d\u0142ugo wyczekiwana Human Dogs SINEAD O&#8217;CONNOR \u00a0zostaj\u0105c podwalin\u0105 mojej hodowli. Mam nadziej\u0119, \u017ce jej potomstwo da wiele rado\u015bci i zadowolenia mi\u0142o\u015bnikom rasy SBT \u00a0 \u00a0 \u00a0 \u00a0 \u00a0 \u00a0 \u00a0 \u00a0 \u00a0 \u00a0 \u00a0 \u00a0 \u00a0 \u00a0 \u00a0 \u00a0 \u00a0 \u00a0 \u00a0 \u00a0 \u00a0 \u00a0 \u00a0 \u00a0 \u00a0 \u00a0 \u00a0 \u00a0 \u00a0 \u00a0 \u00a0 \u00a0 \u00a0 \u00a0 \u00a0 \u00a0 \u00a0 \u00a0 \u00a0 \u00a0 \u00a0 \u00a0 \u00a0 \u00a0 \u00a0 \u00a0 \u00a0 \u00a0 \u00a0 \u00a0 \u00a0 \u00a0 \u00a0 \u00a0 \u00a0 \u00a0 \u00a0 \u00a0 \u00a0 \u00a0 \u00a0 \u00a0 \u00a0 \u00a0 \u00a0 \u00a0 \u00a0 \u00a0 \u00a0 \u00a0 \u00a0 \u00a0 \u00a0 \u00a0 \u00a0 \u00a0 \u00a0 \u00a0 \u00a0 \u00a0 \u00a0 \u00a0 \u00a0 \u00a0 \u00a0 \u00a0 \u00a0 \u00a0 \u00a0 \u00a0 \u00a0 \u00a0 \u00a0 \u00a0 \u00a0 \u00a0 \u00a0 \u00a0 \u00a0 \u00a0 \u00a0 \u00a0 \u00a0 \u00a0 \u00a0 \u00a0 \u00a0 \u00a0 \u00a0 \u00a0 \u00a0\u00a0<\/b><b><em>Human Dogs SINEAD O&#8217;CONNOR &#8211; \u017belka<\/em>\u00a0<\/b><b>\u00a0 \u00a0 \u00a0 \u00a0 \u00a0 \u00a0<\/b><\/p>\n<p><a href=\"http:\/\/sbt-thorgal.pl\/wp-content\/uploads\/2013\/01\/292495_531698523534182_475817531_n.jpg\"><img decoding=\"async\" loading=\"lazy\" class=\"aligncenter wp-image-867\" src=\"http:\/\/sbt-thorgal.pl\/wp-content\/uploads\/2013\/01\/292495_531698523534182_475817531_n-300x199.jpg\" alt=\"292495_531698523534182_475817531_n\" width=\"466\" height=\"309\" srcset=\"https:\/\/sbt-thorgal.pl\/wp-content\/uploads\/2013\/01\/292495_531698523534182_475817531_n-300x199.jpg 300w, https:\/\/sbt-thorgal.pl\/wp-content\/uploads\/2013\/01\/292495_531698523534182_475817531_n.jpg 960w\" sizes=\"(max-width: 466px) 100vw, 466px\" \/><\/a><\/p>\n<p style=\"text-align: center;\">\u00a0 \u00a0 \u00a0 \u00a0 \u00a0 \u00a0<em><strong>wnuczka \u017belki ,\u00a0 IntCh.Thorgal ARIANKA Z TALGARU &#8211; Janeczka\u00a0<\/strong><\/em><b><em>\u00a0 \u00a0 <\/em>\u00a0 \u00a0 \u00a0 <\/b><a href=\"http:\/\/sbt-thorgal.pl\/wp-content\/uploads\/2016\/11\/club-bratys\u0142awa-lok.jpg\"><img decoding=\"async\" loading=\"lazy\" class=\"alignnone size-full wp-image-1517\" src=\"http:\/\/sbt-thorgal.pl\/wp-content\/uploads\/2016\/11\/club-bratys\u0142awa-lok.jpg\" alt=\"club-bratyslawa-lok\" width=\"800\" height=\"600\" srcset=\"https:\/\/sbt-thorgal.pl\/wp-content\/uploads\/2016\/11\/club-bratys\u0142awa-lok.jpg 800w, https:\/\/sbt-thorgal.pl\/wp-content\/uploads\/2016\/11\/club-bratys\u0142awa-lok-300x225.jpg 300w\" sizes=\"(max-width: 800px) 100vw, 800px\" \/><\/a><\/p>\n<p><b>Sk\u0142adam szczeg\u00f3lne podzi\u0119kowania:<\/b><\/p>\n<ul>\n<li><b>Mirkowi i Laurze ( Human Dogs FCI) za fachowe uwagi dotycz\u0105ce hodowli \u00a0 oraz za to, \u017ce w ka\u017cdej sytuacji mog\u0119 na nich liczy\u0107;<\/b><\/li>\n<li><b>Soni, mojej c\u00f3rce za pomoc w opiece nad \u00a0psami oraz za profesjonalny handling \ud83d\ude42 \u00a0<\/b><\/li>\n<\/ul>\n<p><b>\u00a0<\/b><\/p>\n","protected":false},"excerpt":{"rendered":"<p>Witam serdecznie na stronie hodowli Thorgal FCI\u00a0 Fascynacja ras\u0105 Staffordshire Bull Terrier rozpocz\u0119\u0142a si\u0119 w 2006 roku, kiedy zobaczy\u0142am te pi\u0119kne psy w hodowli Human Dogs FCI \u00a0p. Miros\u0142awa Janasza. Mia\u0142am szcz\u0119\u015bcie widzie\u0107 pierwsze potomstwo eleganckiej LA OLI Daffodill Yellow &hellip; <a href=\"https:\/\/sbt-thorgal.pl\/\">Czytaj dalej <span class=\"meta-nav\">&rarr;<\/span><\/a><\/p>\n","protected":false},"author":2,"featured_media":0,"parent":0,"menu_order":0,"comment_status":"open","ping_status":"open","template":"","meta":{"footnotes":""},"_links":{"self":[{"href":"https:\/\/sbt-thorgal.pl\/index.php\/wp-json\/wp\/v2\/pages\/10"}],"collection":[{"href":"https:\/\/sbt-thorgal.pl\/index.php\/wp-json\/wp\/v2\/pages"}],"about":[{"href":"https:\/\/sbt-thorgal.pl\/index.php\/wp-json\/wp\/v2\/types\/page"}],"author":[{"embeddable":true,"href":"https:\/\/sbt-thorgal.pl\/index.php\/wp-json\/wp\/v2\/users\/2"}],"replies":[{"embeddable":true,"href":"https:\/\/sbt-thorgal.pl\/index.php\/wp-json\/wp\/v2\/comments?post=10"}],"version-history":[{"count":13,"href":"https:\/\/sbt-thorgal.pl\/index.php\/wp-json\/wp\/v2\/pages\/10\/revisions"}],"predecessor-version":[{"id":2549,"href":"https:\/\/sbt-thorgal.pl\/index.php\/wp-json\/wp\/v2\/pages\/10\/revisions\/2549"}],"wp:attachment":[{"href":"https:\/\/sbt-thorgal.pl\/index.php\/wp-json\/wp\/v2\/media?parent=10"}],"curies":[{"name":"wp","href":"https:\/\/api.w.org\/{rel}","templated":true}]}}